{"id":341,"date":"2025-03-28T09:39:32","date_gmt":"2025-03-28T09:39:32","guid":{"rendered":"https:\/\/gromatic.hr\/novi\/?page_id=341"},"modified":"2025-04-02T10:51:59","modified_gmt":"2025-04-02T10:51:59","slug":"evidentiranje-objekta","status":"publish","type":"page","link":"https:\/\/gromatic.hr\/index.php\/evidentiranje-objekta\/","title":{"rendered":"Evidentiranje objekta"},"content":{"rendered":"<p>[et_pb_section fb_built=&#8221;1&#8243; _builder_version=&#8221;4.27.4&#8243; _module_preset=&#8221;default&#8221; global_colors_info=&#8221;{}&#8221;][et_pb_row use_custom_gutter=&#8221;on&#8221; gutter_width=&#8221;2&#8243; make_equal=&#8221;on&#8221; _builder_version=&#8221;4.27.4&#8243; _module_preset=&#8221;default&#8221; width=&#8221;65%&#8221; max_width=&#8221;100%&#8221; min_height=&#8221;123.8px&#8221; global_colors_info=&#8221;{}&#8221;][et_pb_column type=&#8221;4_4&#8243; _builder_version=&#8221;4.27.4&#8243; _module_preset=&#8221;default&#8221; global_colors_info=&#8221;{}&#8221;][et_pb_text _builder_version=&#8221;4.27.4&#8243; _module_preset=&#8221;default&#8221; header_2_font=&#8221;||||||||&#8221; global_colors_info=&#8221;{}&#8221;]<\/p>\n<h2>Geodetski elaborat evidentiranja, brisanja ili promjene podataka o zgradama i drugim gra\u0111evinama<\/h2>\n<p>U mnogim slu\u010dajevima, legalno izgra\u0111ene gra\u0111evine nisu evidentirane na katastarskim planovima, a sam postupak legalizacije nezakonito izgra\u0111ene zgrade i izdavanja dozvola(gra\u0111evinska, uporabna, Rje\u0161enje o izvedenom stanju) ne zna\u010di i njezino evidentiranje u katastarskom operatu.<\/p>\n<p>U tu svrhu potrebno je izraditi geodetski elaborat evidentiranja, brisanja i promjene podataka o zgradama i drugim gra\u0111evinama, koji u osnovi zna\u010di ucrtavanje i polo\u017eajno evidentiranje objekta na odgovaraju\u0107oj katastarskoj \u010destici na katastarskom planu te bilje\u017eenje podataka o zgradi u katastarskom operatu i zemlji\u0161noj knjizi temeljem odgovaraju\u0107eg akta.<\/p>\n<p>[\/et_pb_text][\/et_pb_column][\/et_pb_row][et_pb_row _builder_version=&#8221;4.27.4&#8243; _module_preset=&#8221;default&#8221; global_colors_info=&#8221;{}&#8221;][et_pb_column type=&#8221;4_4&#8243; _builder_version=&#8221;4.27.4&#8243; _module_preset=&#8221;default&#8221; global_colors_info=&#8221;{}&#8221;][et_pb_image src=&#8221;https:\/\/gromatic.hr\/wp-content\/uploads\/2025\/04\/EVIDENTIRANJE-OBJEKTA.webp&#8221; title_text=&#8221;EVIDENTIRANJE-OBJEKTA&#8221; _builder_version=&#8221;4.27.4&#8243; _module_preset=&#8221;default&#8221; hover_enabled=&#8221;0&#8243; global_colors_info=&#8221;{}&#8221; sticky_enabled=&#8221;0&#8243;][\/et_pb_image][\/et_pb_column][\/et_pb_row][\/et_pb_section]<\/p>\n","protected":false},"excerpt":{"rendered":"<p>Geodetski elaborat evidentiranja, brisanja ili promjene podataka o zgradama i drugim gra\u0111evinama U mnogim slu\u010dajevima, legalno izgra\u0111ene gra\u0111evine nisu evidentirane na katastarskim planovima, a sam postupak legalizacije nezakonito izgra\u0111ene zgrade i izdavanja dozvola(gra\u0111evinska, uporabna, Rje\u0161enje o izvedenom stanju) ne zna\u010di i njezino evidentiranje u katastarskom operatu. U tu svrhu potrebno je izraditi geodetski elaborat evidentiranja, [&hellip;]<\/p>\n","protected":false},"author":1,"featured_media":0,"parent":0,"menu_order":0,"comment_status":"closed","ping_status":"closed","template":"","meta":{"_et_pb_use_builder":"on","_et_pb_old_content":"","_et_gb_content_width":"","om_disable_all_campaigns":false,"_monsterinsights_skip_tracking":false,"_monsterinsights_sitenote_active":false,"_monsterinsights_sitenote_note":"","_monsterinsights_sitenote_category":0,"footnotes":""},"class_list":["post-341","page","type-page","status-publish","hentry"],"aioseo_notices":[],"_links":{"self":[{"href":"https:\/\/gromatic.hr\/index.php\/wp-json\/wp\/v2\/pages\/341","targetHints":{"allow":["GET"]}}],"collection":[{"href":"https:\/\/gromatic.hr\/index.php\/wp-json\/wp\/v2\/pages"}],"about":[{"href":"https:\/\/gromatic.hr\/index.php\/wp-json\/wp\/v2\/types\/page"}],"author":[{"embeddable":true,"href":"https:\/\/gromatic.hr\/index.php\/wp-json\/wp\/v2\/users\/1"}],"replies":[{"embeddable":true,"href":"https:\/\/gromatic.hr\/index.php\/wp-json\/wp\/v2\/comments?post=341"}],"version-history":[{"count":4,"href":"https:\/\/gromatic.hr\/index.php\/wp-json\/wp\/v2\/pages\/341\/revisions"}],"predecessor-version":[{"id":541,"href":"https:\/\/gromatic.hr\/index.php\/wp-json\/wp\/v2\/pages\/341\/revisions\/541"}],"wp:attachment":[{"href":"https:\/\/gromatic.hr\/index.php\/wp-json\/wp\/v2\/media?parent=341"}],"curies":[{"name":"wp","href":"https:\/\/api.w.org\/{rel}","templated":true}]}}